or of f and i.
2
Suppose 5*p + i - 9 = 0, 2*p - 2*i = 4*p - 2. Let g = 42 + p. What is the highest common divisor of g and 484?
44
Let p be 2 - -9 - ((12 - 9) + -12). Let z = 94 - 14. Calculate the greatest common factor of p and z.
20
Suppose 6*a = 163 - 139. Let m(g) = g**3 - g**2 - 5*g + 4. Let n be m(a). What is the greatest common divisor of 12 and n?
4
Let z = -87 + 49. Let j = -84 + 125. Let h = j + z. Calculate the highest common factor of 21 and h.
3
Let j = -23 - -142. Suppose -2*f - 4*q + 20 = 3*f, 0 = 3*q. Suppose -73 - j = -f*t. What is the greatest common factor of t and 528?
48
Let u(c) = 1125*c - 180. Let d(r) = -125*r + 20. Let y(m) = 35*d(m) + 4*u(m). Let l be y(2). Calculate the highest common divisor of 92 and l.
46
Let y = -35 + 40. Let i be 843/24 - 15/120. What is the highest common factor of y and i?
5
Let i(h) = -2*h**2 - 21*h - 22. Let n be i(-9). Let l be 107/5 - 4*n/50. Calculate the greatest common factor of 105 and l.
21
Let c(z) = z**3 - 8*z**2 - 10*z + 10. Let v be c(9). Suppose -5*u = -3*m + 54, -m - 7*u + 10 = -6*u. What is the greatest common divisor of v and m?
1
Suppose 0 = -6*o + 796 + 14. Let s be 65934/o - (-1 + (-14)/(-10)). Let c be (-2)/(-7)*1 - s/(-7). Calculate the highest common divisor of c and 28.
14
Let a be (-7 - (-531)/45)*(-5 - 50/(-4)). Calculate the highest common divisor of a and 9738.
18
Suppose l - 4*y = 48, -2*l - 2*y + 102 = 2*l. Let i be -2 - 3 - (1 - 5 - 50). What is the greatest common divisor of i and l?
7
Let h(z) = -z**3 + 14*z**2 + 10. Let i be h(14). Suppose -i*o + 405 = -1075. Suppose 4*k = o - 40. Calculate the highest common divisor of 270 and k.
27
Let r(k) = -k**3 - k - 5. Let j be r(-2). Suppose 3*q - 416 = j*b, -2*q + 408 = q - 3*b. What is the highest common factor of q and 18?
6
Let p be (40 + -39)/((-14)/6) + 2274/14. What is the highest common divisor of p and 13203?
81
Suppose -w + 28 = 3*w. Let h be (1 - 1)/(1/7*w). Suppose 10*q = 2*x + 5*q - 137, h = 2*x + 5*q - 87. What is the greatest common factor of 28 and x?
28
Let z = 75 - 42. Suppose 3*k = -2*m + 16, 5*m - 4*k - 12 = m. Suppose -3*g = 0, -2*w - 2*w - m*g + 44 = 0. Calculate the greatest common factor of w and z.
11
Suppose 6*p - 5*p = 66. What is the highest common divisor of 4026 and p?
66
Let k be -3 - (-783)/6 - (-6 + (-135)/(-18)). Calculate the highest common divisor of k and 5355.
63
Let m be ((-13)/4)/(4 + (-13)/(21372/6579)). What is the highest common divisor of m and 822?
137
Let n = -66 - -68. Suppose 0 = 2*t - 3*g - 126, t = 5*t + n*g - 284. What is the greatest common factor of 253 and t?
23
Let g = 4393 + -4253. Calculate the greatest common factor of 1232 and g.
28
Let c(i) = 32*i - 82. Let g be c(3). Let u(b) = 13*b + 25. Let a be u(g). What is the greatest common factor of a and 9?
9
Let f be (46 + -41)/(1/8). Suppose 5*d - f = -5*o, 0 = 6*d - 2*d - 2*o - 44. What is the greatest common divisor of d and 160?
10
Suppose 113*b - 597024 - 282769 = 215855. Calculate the highest common divisor of b and 64.
32
Suppose 48*p - 13312 = 22688. Calculate the greatest common factor of 4750 and p.
250
Let p be (44/(-26))/(-16 - 1236/(-78)) - -52. Suppose i = 5*i - 3*o - 12, 0 = o + 4. Suppose 3*l - 2*l - 9 = i. Calculate the highest common factor of p and l.
9
Suppose 4081 = 10*l + 3151. Calculate the highest common divisor of l and 21.
3
Let c(t) = -48*t - 192. Let q be c(-12). Suppose -72 = -4*g + g. What is the greatest common factor of g and q?
24
Let i be 96/60 - 5511/(-15). What is the highest common divisor of 2173 and i?
41
Let k(h) = -13*h**2 + 265*h - 15. Let x be k(20). What is the greatest common factor of x and 20?
5
Suppose 4*k + 2*u - 908 = 0, -2*k + u + 448 = 5*u. Let y = 141 + -139. Let z be (y/3)/((-5)/(570/(-4))). What is the highest common divisor of z and k?
19
Let l be (56/7 - 12)/2. Let q be (23 + -49)*l*1. Calculate the greatest common factor of 494 and q.
26
Let o be 37/((-220)/28 - -8). Let m be 38 + (-2)/2 - 0/(-1). Calculate the highest common divisor of m and o.
37
Let c be -32*1 + (-2 - -2). Let r be -3*c/18*63. Let i be -2 + (r/(-4))/(-4). What is the highest common factor of 171 and i?
19
Suppose 5922 = 3*u + 2*g, 89*g - 91*g + 7898 = 4*u. What is the highest common factor of u and 260?
52
Suppose -8222*q = -8234*q + 108. Calculate the highest common divisor of q and 50.
1
Let s(b) = 2*b**2 + 28*b - 9. Let k be s(-14). Let f(q) = -q**2 - 14*q - 32. Let g be f(k). Calculate the greatest common divisor of g and 39.
13
Let a be 1232/336*54/2. Let s(o) = -o + 11. Let w be s(0). What is the highest common factor of w and a?
11
Suppose 4*m - 20 = 0, 0 = 5*c - 2*m - m - 95. Suppose 0 = 8*q - 6*q - c. Suppose -q = i - 24. Calculate the greatest common divisor of 52 and i.
13
Let z = -2028 - -2031. Calculate the greatest common factor of z and 5277.
3
Suppose -i - 3757 + 854 = 5*f, -i = 3*f + 1743. Let m = f - -583. Calculate the greatest common divisor of m and 39.
3
Let w(m) = -m**3 - 2*m**2 + 43*m - 25. Let r be w(-8). Calculate the highest common factor of r and 1545.
15
Let l = -108 + 125. Let o(h) = -9*h. Let y be o(-5). Let b = y + -11. What is the greatest common divisor of l and b?
17
Let j(m) = -m**3 - 14*m**2 - 3*m + 122. Let u be j(-18). What is the greatest common divisor of 2668 and u?
92
Suppose -133*d = -140*d + 2*t + 128, -32 = -3*d - 2*t. What is the highest common factor of 47024 and d?
16
Let d(g) = -g**3 - 4*g**2 + g - 20. Let l be d(-5). Suppose 8*m + l*m - 960 = 0. What is the highest common divisor of 60 and m?
60
Let u(a) = -4*a + 28. Let q be u(-20). Let w(i) = 186*i**2 - 23*i - 1. Let s be w(1). Calculate the greatest common factor of s and q.
54
Suppose 0 = 3*q - 3, 0 = t - 107*q + 102*q - 337. Calculate the highest common factor of t and 2109.
57
Let q = 3 + -3. Suppose q = -4*r + z + 635, z - 202 = -r - 37. Suppose -439 = 121*l - 2299 - 560. What is the highest common divisor of r and l?
20
Suppose 68 = -12*d + 8*d. Let f = 112 + d. Let i = 258 - 220. Calculate the greatest common factor of f and i.
19
Let s be -6 + (11 - 7 - 0) + 159 + 2. What is the greatest common divisor of s and 5?
1
Suppose 25*z - 22*z - 276 = 0. Let s = -348 - -352. Calculate the highest common factor of z and s.
4
Let x = -16161 + 16259. Suppose 18 + 24 = 3*w - g, -4*g = 3*w - 42. Calculate the highest common factor of x and w.
14
Suppose 6*m + 35 = 47. Suppose -2*r = -2*s - 256, -m*r - 6*s + 11*s = -253. Calculate the greatest common divisor of r and 215.
43
Suppose 325*r + 88*r = 100*r + 44446. What is the greatest common divisor of r and 19170?
142
Suppose -3895 = 61*i - 66*i. What is the greatest common factor of 19 and i?
19
Suppose 4*j = -3*p - 968, -7 = 5*j - 27. Let x = p - -338. Let l(m) = -18*m + 2. Let a be l(-6). What is the greatest common divisor of x and a?
10
Suppose -5*n + 7569 = -2*s, 0 = -2*n + 133*s - 129*s + 3018. Calculate the greatest common divisor of n and 60.
15
Let w be 19*(-3)/(-1*(2 - 3)). Let u = 85 + w. Calculate the greatest common factor of u and 28.
28
Let z(h) = -3*h**3 + h**2 + h + 4. Let b be z(-3). Let x(f) = 4*f - 7. Let g be x(2). Let t be g*(-13)/(2 + -3). Calculate the highest common factor of b and t.
13
Suppose 4*p - 1194 = -2*q, -11*q + p + 5187 = -1288. What is the greatest common factor of q and 155?
31
Suppose -18*j + 20*j - 35528 = 4*r, -j - 2*r + 17788 = 0. Calculate the highest common factor of j and 176.
176
Suppose 24*v - 2*q = 20*v + 29120, 36361 = 5*v + 4*q. Calculate the greatest common divisor of v and 19.
19
Suppose -53*b + 62*b = 8586. Suppose 2*o + b = 2*g, -335 = -5*g - 3*o + 2082. What is the greatest common divisor of 37 and g?
37
Let m = -93 - -169. Let r = 132 - 128. Suppose -2*c = b - 5 - 6, -r*b + 68 = 2*c. What is the highest common factor of m and b?
19
Let z(k) = -82*k + 277. Let y be z(3). What is the highest common factor of y and 3503?
31
Suppose 5*c + 204 = 379. Let m = 40 + c. What is the highest common factor of m and 30?
15
Suppose 5*m = 2*f - 22, 6*f - 2*f - 34 = 5*m. Let p(q) = -39 - 4*q + f + 44 + 44. Let s be p(12). Calculate the greatest common factor of 63 and s.
7
Suppose 21*w + 32 = t + 20*w, -t = -2*w - 29. What is the highest common factor of 5495 and t?
35
Let k = -15 - -18. Suppose 4*